 is the highest common factor of 7 and l?
7
Suppose 4*i - 8*r + 6*r = 850, -3*r = 4*i - 875. What is the greatest common factor of 10 and i?
5
Let i = 262 - 192. Let r = 9 - -30. Let s = r - 25. What is the highest common divisor of i and s?
14
Let q = 13 + -11. Let s be q/(-10) - 688/(-40). Calculate the greatest common factor of s and 153.
17
Suppose -1023 = -4*t - 29*t. Calculate the highest common divisor of 248 and t.
31
Suppose -y + 2*c = -170, -4*y - 70*c + 680 = -75*c. Let u = -29 + 63. What is the greatest common factor of y and u?
34
Let v be (-2)/(14/(-51)) - 18/63. Let y be (-2 - 1*-1)/(v/(-84)). What is the highest common divisor of y and 3?
3
Suppose -5*i = 25, -4*i = 5*c + 18 + 2. Let w be 6*((-51)/(-2) - c). What is the greatest common factor of w and 17?
17
Suppose 3*h + 0*u - 2*u = 113, -4*u = -h + 41. What is the highest common factor of h and 333?
37
Let x(k) = 10*k - 25. Let a be x(3). Let r(f) = 12*f - 5. Let n be r(a). What is the greatest common factor of 5 and n?
5
Suppose -1216 + 4846 = 10*w. Suppose 24*l = 27*l - w. What is the highest common factor of l and 11?
11
Let d = -441 - -453. Let v(f) = 20*f**2 + 2*f. Let b be v(2). What is the greatest common factor of b and d?
12
Let f be 4/(-10) + 7623/45. Let k(y) = -97*y**2 + y - 1. Let b be k(-1). Let l = f + b. Calculate the greatest common factor of 10 and l.
10
Suppose -2*k + 10 = -86. What is the greatest common factor of k and 108?
12
Let c(j) = -34*j**3 + j**2 + 3*j - 2. Let f be c(2). Suppose -3*r = -672 - 483. Let q = r + f. Calculate the highest common factor of 11 and q.
11
Let y = -38 + 51. Let b(q) = q**2 + 2*q. Let a be b(-2). Suppose 3*n - 4*d = 179, -4*n + 9*n - 5*d - 305 = a. What is the highest common factor of y and n?
13
Let i(u) = 3*u**2 + 11*u. Let g(f) = 4*f**2 + 12*f - 1. Let m(l) = 2*g(l) - 3*i(l). Let c be m(-6). Calculate the highest common factor of c and 80.
16
Let t(p) = 5*p - 1 + 3 + p**2 + 2*p. Let f be t(-7). Let v be f + (1 + 50 - 3). What is the greatest common divisor of 20 and v?
10
Let l be 93 + -2 + -4 + 8. Calculate the greatest common divisor of l and 152.
19
Let a = 918 + -598. Suppose a = l + 110. Calculate the greatest common factor of l and 42.
42
Let c be (5 + 29/5)/((-3)/(-15)). What is the greatest common factor of 216 and c?
54
Suppose 3*g + g - 20 = 0. Suppose -2*m + g*m + 129 = 2*t, -2*t + m + 139 = 0. What is the greatest common divisor of t and 9?
9
Suppose 2*a = -2*u - 2*u + 22, 3*a + 55 = 5*u. Let j = 30 - 54. Let v be ((-3)/2)/(j/64). Calculate the highest common factor of v and u.
4
Let r(z) = -z - 47. Let y be r(10). Let i = 90 + y. Calculate the greatest common divisor of i and 44.
11
Let c be 1448/12 + 4*4/(-24). Suppose 5*d - d = 192. Calculate the greatest common factor of d and c.
24
Suppose -2*i = -2*f + 815 + 579, -i = -5. What is the greatest common factor of 52 and f?
26
Let u be 841/(-4) - 24/32. Let a = u + 136. Let p = -37 - a. What is the greatest common factor of 95 and p?
19
Let u(n) = -10*n**3 - n**2 + 7*n + 8. Let a be u(-3). What is the highest common divisor of 62 and a?
62
Let y be (-195)/(-35) + 3/7. Let v(p) = 2*p**2 - 8*p + 3. Let b be v(y). Suppose 16 = 2*s - 2. Calculate the highest common factor of b and s.
9
Let i(y) = 2*y**2 + 5*y + 3. Let j be i(-2). What is the highest common divisor of j and 59?
1
Let u(v) = -4*v**2 + 28*v - 57. Let l(j) = 3*j**2 - 19*j + 38. Let o(f) = -7*l(f) - 5*u(f). Let x be o(-7). What is the highest common factor of 19 and x?
19
Let n = 57 - 113. Let z = -21 - n. Suppose -b - 4*m - 13 = 0, -6*m + 2*m = -5*b + 55. What is the greatest common divisor of z and b?
7
Suppose 110 = -3*n - 2*x, -2*n - n + 5*x = 82. Let m(q) = -q**3 - 2*q + 1. Let l be m(2). Let o = l - n. Calculate the greatest common divisor of o and 23.
23
Let f(g) = -45*g. Let q be ((-12)/(-3) + -5)*1. Let z be f(q). Suppose 2*i - i - 15 = 0. What is the highest common divisor of i and z?
15
Suppose 12 + 6 = d. Let t be (0 + 5)*(-3 - -4). Suppose 2*r = -4*b + 22, -t*r = 2*b + 3*b - 40. What is the greatest common factor of b and d?
3
Suppose -14 = 8*p - 10*p. Let q = 35 + p. What is the greatest common divisor of 28 and q?
14
Suppose 0 = -11*p + 335 + 3438. Calculate the greatest common divisor of p and 7.
7
Suppose p - 81 = -0*p. Let h = -164 - -173. Calculate the highest common divisor of p and h.
9
Let o(m) = m**2 - 16*m - 27. Let a be o(21). What is the greatest common divisor of a and 312?
78
Let x(l) = 0 - 3 + 5 - 10*l. Let g be x(-2). Let j = 21 + -10. Calculate the highest common factor of j and g.
11
Suppose 5*r - 29 = 11. Let y = 12 + r. Calculate the greatest common divisor of y and 4.
4
Suppose -3*l - 4*m - 375 = 0, 3*l + 328 + 53 = -2*m. Let p = -73 - l. Calculate the greatest common divisor of 28 and p.
28
Let y be ((-64)/12)/(-1 - (-1)/3). Let r be (-4)/8 + (-555)/(-2). Suppose 4*q - 5*x = r + 55, -3*x - 252 = -3*q. What is the greatest common factor of y and q?
8
Suppose 180 = -10*r + 11*r + 3*y, -4*y = -3*r + 514. Calculate the greatest common divisor of r and 6.
6
Let z(h) = -h**2 - 9*h - 7. Let j be z(-6). Let o = -1130 + 1141. Calculate the greatest common divisor of o and j.
11
Suppose -4*t = -0*t - 100. Suppose -36*x + 34*x + 50 = 0. Calculate the greatest common divisor of x and t.
25
Suppose 0 = -2*r - 2*r + 220. Let d(m) = -m**3 - 7*m**2 - 8*m - 9. Let q be d(-6). Suppose -q*i + 6*i = 15. What is the highest common divisor of r and i?
5
Let a(g) = -g**2 + 21*g + 3. Let d be a(10). Let q = -86 + d. Calculate the greatest common factor of q and 189.
27
Let u(f) = f + 8. Let r be u(-5). Suppose r*k + 5*l = 24, -2*k - 3 + 6 = -l. Calculate the highest common divisor of 3 and k.
3
Let b be (0 + -9)/((-4)/268). Suppose -n - b = -5*l, 3*l - 6*n = -n + 353. Let q(c) = 10*c**2 + c. Let v be q(1). What is the highest common divisor of l and v?
11
Suppose 5*o - 69 = 3*g, 78*g - 74*g = -12. Calculate the highest common factor of 192 and o.
12
Suppose 5*h + 4*h - 378 = 0. Let g = 8 + h. Calculate the greatest common factor of 20 and g.
10
Let b = -140 - -144. Suppose 4*n = b*h + 24, -12 = -3*n - 5*h + 30. Calculate the highest common divisor of n and 63.
9
Suppose -13*t + 92 = -11*t + 4*n, 3*n = -3. What is the greatest common divisor of 16 and t?
16
Suppose -8 = 2*o - 6*o + 4*y, -4*o + 6 = -3*y. Suppose 0 = -o*b + b + 45. Let n be ((-96)/15)/(6/b). What is the greatest common divisor of n and 6?
6
Suppose 3*b - 17 - 22 = 0. Let c(m) = -m**3 - 24*m**2 - 46*m - 18. Let f be c(-22). What is the highest common divisor of f and b?
13
Let i(f) = f**3 + 4*f**2 - 15*f - 5. Let s be i(-6). Let h be (s/(-4))/((-2)/8). What is the highest common divisor of h and 13?
13
Let w be 12/3*(7 - 1). Suppose -k - 3*k + w = 0. Suppose -3748*c + 3807*c - 154 = 2324. Calculate the greatest common factor of c and k.
6
Suppose 0 = 3*u, 5*u + 0 = -5*k + 10. Suppose -k*g - 72 = -4*g. Calculate the highest common factor of g and 90.
18
Let y(m) = 8*m + 56. Let z be y(24). Let l = z - 173. Calculate the highest common divisor of 25 and l.
25
Suppose 2*i - 7*i = 4*m - 1325, 1651 = 5*m + i. What is the greatest common divisor of 5 and m?
5
Suppose -54*z + 51*z + 36 = 0. Let h = -14 + 34. Calculate the highest common divisor of z and h.
4
Suppose 5*l = -4*h + 8*h + 15, 0 = 3*h - 2*l + 20. Let m = h - -14. Suppose 2 = -2*j + m. Calculate the greatest common divisor of j and 9.
1
Let p(n) = 10*n + 1 - 3 + 1. Let z be p(-6). Let t = 16 - z. Calculate the highest common divisor of 7 and t.
7
Let r(y) = 0 + 30*y - 12 - 28. Let c be r(14). What is the greatest common factor of 38 and c?
38
Let c(i) be the first derivative of i**3 + i**2 - i - 1. Let t(u) = 46*u + 100. Let q be t(-2). Let m be c(q). What is the highest common factor of m and 23?
23
Let c be (-1)/3 - (-8086)/39. Let o = 360 - c. Calculate the greatest common divisor of 17 and o.
17
Suppose 3*i = 21 + 192. Suppose 3*x + 17 = i. What is the highest common factor of x and 45?
9
Suppose -4*c - q - 303 = 0, -2*c - q - q = 144. Let b be (-62)/(-22) - 14/c. Let n be 38/(6/3) + b. Calculate the highest common factor of n and 242.
22
Suppose -2*i - 237 = 3*s + 66, 4*s + 384 = 4*i. Let q = 11 - s. What is the greatest common factor of q and 10?
10
Let v = -530